
6
Let v(c) = -c - 19. Let h be v(-13). Let d be 34/12 + h/(-36). Suppose d*n = 120 + 132. What is the units digit of n?
4
Let w(d) = 79*d - 828. What is the units digit of w(40)?
2
Let j = 29 - -112. Let b = j + -37. What is the tens digit of b?
0
Let o(i) = -3*i - 16. Let v be o(-7). Suppose -12*r + 10*r + 525 = -v*c, 3*r + 3*c - 840 = 0. What is the units digit of r?
5
Let k(w) = 94*w**2 - 188*w + 22. What is the units digit of k(-5)?
2
Let x(o) be the second derivative of o**4/3 - 2*o**3 + 45*o**2/2 - 36*o. Let g be x(6). Let k = -53 + g. What is the tens digit of k?
6
Let n(y) = 57*y + 34. Let k be n(6). What is the units digit of 4/2 - k/(-4)?
6
Suppose -j + 5*j + 4*m - 4 = 0, -j + 5*m = -7. Suppose 578 + 30 = j*b. What is the tens digit of b?
0
Let h(c) be the first derivative of 2*c**3/3 + 9*c**2/2 + 26*c + 3. Let g be 8/(-18) - (3 + (-350)/(-63)). What is the hundreds digit of h(g)?
1
Let q(v) = 107*v - 178. Let b be (-4)/18 - 1*(-130)/18. What is the tens digit of q(b)?
7
Let p(h) = -3*h - 20. Let x be p(-8). Suppose x*w - 1079 - 252 = -5*o, 5*o = -w + 329. What is the tens digit of w?
3
Let c = -25 + 27. Suppose 0*l = 3*t - c*l - 413, -2*l = -4*t + 550. What is the units digit of t/9 - 62/279?
5
Let o = 207 - 90. Suppose 0 = -2*s - 2, -5*z + 2*s + 50 + o = 0. What is the tens digit of z?
3
Let h = 7323 - -91. What is the units digit of h?
4
Suppose 29*z + 4575 = 24*z. Let d = z + 1960. Suppose -5*x + 6*g - g = -d, -3*g = -6. What is the hundreds digit of x?
2
Suppose 5*w = 3*y + 294, 126 = 2*w + 2*y + y. Suppose -w = -13*l + 18*l. What is the units digit of (-44)/l*9*4?
2
Suppose -4*h + 3*h - 199 = 4*r, -3*r - 5*h - 162 = 0. Suppose t = 2*q - 133, -81*t + 84*t + 335 = 5*q. Let u = q + r. What is the units digit of u?
5
What is the units digit of ((-62)/31 - 13)*1*-167*1?
5
Suppose 4*v - 2 = -5*g + 11, 0 = 3*g + 9. What is the hundreds digit of 332*v/(84/5)*3?
4
Suppose 14 = 5*a + 2*i, -6*a + 23 = -a - i. Suppose 0 = a*f - 5*z - 73, z + 27 = f - 2*z. Suppose -6 = f*l - 810. What is the tens digit of l?
6
Suppose 18*l = 15*l + 24. Suppose 0 = 2*o + l*o. Suppose 2*q - 234 + 58 = o. What is the tens digit of q?
8
Suppose 31*s + 1989 = 22356. What is the units digit of (-2)/(-18) + 1196981/s?
2
Suppose -106*r + 89*r - 127*r = -404640. What is the tens digit of r?
1
Let p be (118/(-295))/((2/210)/(-1)). Let y = 218 - p. Suppose s + 467 - y = 5*f, -2*f + 5*s = -121. What is the tens digit of f?
5
Let j(m) = -5*m**2 - 37*m + 10. Let f be j(-6). Suppose 24316 + 60392 = f*w. What is the thousands digit of w?
1
Let v = 14 + -8. Let b be (-32)/(-24) + (-2)/v. What is the tens digit of ((-22)/6)/(b/(-3))?
1
Let u be (-1771)/(-49) - 1/7. What is the hundreds digit of 3652/6 + 16/u*3?
6
Let r be -2*5/10*(-29 - -1). Let k = 31 - r. What is the units digit of k?
3
Suppose -3*y = -13*y + 20. What is the hundreds digit of (-10)/y - (-5)/10*1266?
6
Suppose h + 3 - 5 = 0. Let v be (0/h)/((-3 + 6)*1). Suppose 0 = l - 5, v = 5*r - 2*r + 3*l - 240. What is the tens digit of r?
7
Suppose 3*h = -3*b - 180, h - 4*h + 2*b = 155. Let m = h + 18. Let v = 67 - m. What is the units digit of v?
4
Let j = -42 - -46. Suppose j*f - 10 = 6. Let v(o) = 4*o + 13. What is the tens digit of v(f)?
2
Let z(d) = d**3 - 53*d**2 - 90*d + 340. What is the hundreds digit of z(69)?
3
Let z = -100 - -180. Let d = 94 - z. What is the tens digit of d?
1
Suppose 5*v + 7624 = -202*u + 203*u, -2*v - 38258 = -5*u. What is the hundreds digit of u?
6
Suppose 45*k = 39*k + 7218. Suppose 3*u = -3*x + x + 1837, k = 2*u - 3*x. What is the units digit of u?
9
Let l = -11185 - -19520. What is the thousands digit of l?
8
Suppose 5*w - 2485 = -g, 0 = -4*g + 5*w - 724 + 10689. What is the hundreds digit of g?
4
Suppose -5*i = -4*o + 125, 3*i - 6*i + 44 = o. Let r = -34 + o. What is the units digit of 3 + r/((-3)/12) + 4?
3
Let w = 26 + -10. What is the units digit of (1308/w)/(3 - (-22)/(-8))?
7
Let h = 355 + -963. Let o be (h/(-20))/((24/(-105))/(-4)). Let u = -281 + o. What is the hundreds digit of u?
2
Suppose 0 = -5*y + 15*y - 5430. Suppose 4*n = 5*n - y. What is the hundreds digit of n?
5
Let m be 3 + (-68)/20 + 138/(-30). What is the hundreds digit of (-2)/m - 30/(-50)*866?
5
Let m(z) = 2*z**3 + 71*z**2 + 39*z + 2. What is the units digit of m(-30)?
2
Let b = 23 + 3. Let f be 126/b + 1 - (-28)/182. What is the units digit of (1 - (-220)/8)*8/f?
8
Let t(h) = h - 6. Let v be t(0). Let j(b) be the first derivative of -b**4/4 - 5*b**3/3 - b**2 + 14*b - 249. What is the tens digit of j(v)?
6
Let o(g) = -8*g**3 - 6*g - 6. Let v be o(-1). Suppose -1723 = -3*x - 5*i, 4*x - 3*i = -v*i + 2294. What is the hundreds digit of x?
5
What is the tens digit of (-2)/5 + 856*32352/1280?
3
Suppose 0 = -2*z - 4*s + 948, -11*z + 9*z - 3*s = -946. Let l = -318 + z. What is the units digit of l?
2
Suppose -132588 = -33*v + 497250. What is the thousands digit of v?
9
Let q be 4333/63 - 4/(-18). Suppose 0 = 4*k - 85 + q. Suppose y + 110 = 2*h + h, -k*h + 146 = -y. What is the units digit of h?
6
Suppose -291*l + 295*l - 40744 = 0. What is the hundreds digit of l?
1
Let b be -13 + 1*1/((-2)/10). Let k = 293 - 178. Let z = k - b. What is the hundreds digit of z?
1
Let k(z) = 4*z + 36. Suppose -l - 18 + 7 = -d, 0 = 3*l + 3*d + 45. Let u be k(l). What is the units digit of (u/5)/(10/(-125))?
0
What is the ten thousands digit of ((56928/(-28))/(35/49))/((-1)/5)?
1
Let y = -3047 - -8728. What is the tens digit of y?
8
Let v = 49 - 44. Suppose 5*c - 6 - 19 = -v*r, -2*c = 5*r - 19. Suppose 0*g - 4*g + c*o + 348 = 0, 0 = 4*g - 5*o - 360. What is the units digit of g?
5
Suppose 0 = n - d - 8993, 0*n - 5*n = 4*d - 44920. What is the thousands digit of n?
8
Suppose -4*o + 45544 + 60202 = v, -5*o = 3*v - 132179. What is the units digit of o?
7
Let h = 29435 + 1236. What is the hundreds digit of h?
6
Let l(p) = p**2 - 4*p + 2. Let k be l(4). Let i be 2/4 - (3 - (-36)/(-8)). What is the units digit of (k + 157)*i/6?
3
What is the thousands digit of 15109 + -52 - (-7 - 9)?
5
Suppose -21 = 2*b - 27. Suppose -b*s = 3*s - s. Suppose s = -5*z - 5*l + 207 + 103, 0 = z + 5*l - 74. What is the units digit of z?
9
Let a = -220 - -175. Let t = 758 + a. What is the tens digit of t?
1
Suppose -k + 6 = 5*p, 0 = -10*k + 8*k - p + 12. Suppose 6504 = k*z - 1518. What is the units digit of z?
7
Let l = 19 + -14. Let n(q) = 69*q + 25. Let g be n(l). Suppose 2*y - g = -4*m, 0 = -4*y + 2*y - 2*m + 378. What is the tens digit of y?
9
Let g(h) = 224*h**2 - 4*h - 10. Let y be g(-2). What is the tens digit of y/18 + 2/(-3)?
4
Let d = -376 + 1040. Let i = -176 + d. What is the tens digit of i?
8
Let w = -1280 + 1896. Let x = w + -142. What is the units digit of x?
4
Let z = -13651 + 36301. What is the ten thousands digit of z?
2
Let y be (-3)/(-5) + 938/70. Suppose 3*v - 3 = k - 0, 0 = 2*k + 2*v + y. Let g(c) = 2*c**2 - 5. What is the tens digit of g(k)?
6
Let y = -17 - -21. Suppose f - 26 = -3*f + 2*k, 0 = y*f - 3*k - 23. What is the tens digit of f*1/((-6)/(-39))?
5
Let n = 58 + -101. Let q = n + 46. Suppose m + 183 = -q*h + 1009, -h + 3*m = -262. What is the units digit of h?
4
Let p = 39118 - -68. What is the ten thousands digit of p?
3
Let d be -27 - (-1 + 6/(-3)). Let m be (-2)/16*-2 - 549/(-12). Let h = m + d. What is the tens digit of h?
2
Let r = -46 + 48. Let n be 84/7 - 5 - r/1. Suppose -n*x = -442 - 298. What is the tens digit of x?
4
Let b = -20 + 135. Suppose b - 455 = 5*h. Let j = 165 + h. What is the units digit of j?
7
Suppose -6*h - 31 = -2*g - h, 4*h = -2*g - 14. What is the tens digit of (-2)/g - (-22824)/54?
2
Let l be ((-7434)/12)/((-3)/8). Let s = l - 1116. What is the hundreds digit of s?
5
Let w = 31775 - 22130. What is the units digit of w?
5
Suppose 20*l + 111*l = 945296. What is the units digit of l?
6
Suppose -115*n = 70363 - 353953. What is the tens digit of n?
6
Let g = -26 + 26. Suppose g = 5*d + 2*n + 2 - 17, 0 = 2*d + 2*n. Suppose 0 = 4*w + w - 15, -d*w - 18 = -k. What is the units digit of k?
3
Suppose 3*j = 2*q + 52, 26 = 4*j + 2*q - 20. Suppose -j*u = -238 - 434. What is the units digit of u?
8
Let n = -1198 + 837. Let w = 872 + n. What is the tens digit of w?
1
Let u(z) = -25*z + 6. Suppose -5*f = -4*b + 16, b + 4 